l(0).
-242
Let b(f) = -5*f**2 + 74*f - 31. Calculate b(14).
25
Let a(b) = b**2 + 17*b - 625. Determine a(18).
5
Let c(d) = d**2 + 543*d + 3752. Give c(-7).
0
Let z(q) = -q**3 + 21*q**2 - 55*q + 303. Calculate z(19).
-20
Let t(n) = 4*n + 112. What is t(-13)?
60
Let a(v) = -v**3 + 13*v**2 - 24*v - 8. Calculate a(10).
52
Let y(n) = 124*n + 14572. Calculate y(-118).
-60
Let f(a) = a**2 + 112*a + 1435. Calculate f(-15).
-20
Let q(r) = -3*r**2 + 101*r - 49. Calculate q(34).
-83
Let b(j) = j**3 - 18*j**2 - 245*j + 46. What is b(27)?
-8
Let t(m) = 6*m**2 + 23*m + 16. What is t(-8)?
216
Let a(n) = -n**2 + 315*n + 7438. Determine a(-22).
24
Let k(o) = 168*o**2 + 10*o + 11. What is k(-1)?
169
Let r(b) = -3*b**2 + 113*b + 402. Determine r(41).
-8
Let q(v) = 14*v**2 + 102*v + 6. What is q(-5)?
-154
Let z(y) = 3*y**3 + 124*y**2 + 272*y - 37. Determine z(-39).
2
Let i(q) = -11*q - 254. Determine i(-12).
-122
Let o(z) = 2*z**3 + 15*z**2 - 20*z - 16. What is o(-9)?
-79
Let q(w) = -121*w + 245. Give q(3).
-118
Let f(i) = 33*i**3 - 4*i**2 - i + 4. What is f(1)?
32
Let u(f) = 95*f + 2158. What is u(-23)?
-27
Let v(x) = x**2 + 9*x - 685. Determine v(-36).
287
Let z(v) = v**2 - 42*v + 432. Give z(18).
0
Let r(z) = z**3 - 28*z**2 + 109*z - 317. Calculate r(24).
-5
Let x(t) = -85*t**2 - 3*t + 6. Calculate x(-3).
-750
Let f(z) = -106*z + 112. Give f(1).
6
Let x(r) = 914*r - 7. Give x(0).
-7
Let p(r) = r**3 - 45*r**2 - 44*r - 97. Give p(46).
-5
Let f(u) = -u**2 - 286*u + 4228. Give f(14).
28
Let y(t) = -61*t**2 + 171*t + 172. Determine y(-1).
-60
Let a(w) = w**2 + 141*w + 3355. Give a(-31).
-55
Let u(q) = 4*q**2 - 10*q + 22. What is u(-3)?
88
Let x(a) = a**2 - 13*a - 128. What is x(18)?
-38
Let r(t) = -17*t**2 + 42*t - 28. Determine r(1).
-3
Let k(o) = 5278*o**2 - 26391*o + 2. Calculate k(5).
-3
Let m(g) = 9*g**3 - 6*g**2 + 12*g + 18. Calculate m(-1).
-9
Let m(q) = -51*q**2 - 68*q - 1. Calculate m(-2).
-69
Let r(f) = -6*f**3 - 2*f**2 + 11. What is r(3)?
-169
Let g(f) = -f**2 - 9*f - 207. Give g(-18).
-369
Let y(w) = w**3 + 16*w**2 - 33*w + 31. Give y(-18).
-23
Let x(g) = -185*g - 824. Give x(-4).
-84
Let y(n) = 34*n - 813. Determine y(22).
-65
Let l(u) = u**3 - 11*u**2 + 178*u - 3075. What is l(14)?
5
Let q(r) = 12343*r + 37030. Calculate q(-3).
1
Let z(m) = 11964*m - 11959. Calculate z(1).
5
Let n(q) = -q**3 - 24*q**2 - 106*q - 207. Give n(-19).
2
Let t(s) = -18*s + 57. Give t(-6).
165
Let m(n) = 159*n - 473. What is m(3)?
4
Let b(m) = -10*m**3 - 2*m**2 + 3*m + 7. Determine b(-2).
73
Let p(j) = 89*j**2 - 10*j + 24. What is p(2)?
360
Let x(l) = 2*l**2 + 55. What is x(10)?
255
Let m(r) = -r**3 + 8*r**2 - 156*r + 555. Determine m(4).
-5
Let g(s) = -14*s**2 + 1098*s + 632. What is g(79)?
0
Let s(f) = -5*f**2 + 38*f + 11. What is s(8)?
-5
Let y(r) = -141*r + 5910. Calculate y(42).
-12
Let o(u) = -2*u**3 - 20*u**2 - 36*u - 38. What is o(-7)?
-80
Let q(m) = 2*m + 49. What is q(-12)?
25
Let a(x) = x**3 - 2*x**2 - 30*x + 72. Calculate a(2).
12
Let q(l) = 2*l**3 + 8*l**2 + 10*l + 2. Calculate q(-5).
-98
Let y(d) = d**2 + 21*d - 377. Calculate y(11).
-25
Let u(s) = -s**3 - 5*s**2 - 48*s - 240. What is u(-5)?
0
Let a(x) = -x**2 + 5*x + 160. Determine a(-15).
-140
Let l(h) = h**3 + 56*h**2 - 421*h - 23618. What is l(-56)?
-42
Let v(r) = 92*r - 3971. What is v(45)?
169
Let u(k) = k**2 - 9*k + 17. Calculate u(0).
17
Let o(p) = 18*p + 91. Give o(-10).
-89
Let s(p) = p**3 + 27*p**2 - 32*p - 21. Determine s(-28).
91
Let j(z) = 4*z**2 + 29*z - 58. Calculate j(-9).
5
Let o(u) = -u**3 + 8*u**2 - 20*u + 55. Determine o(6).
7
Let a(i) = -3*i + 365. Determine a(-40).
485
Let t(y) = y**3 + 12*y**2 - 20*y + 45. Determine t(-14).
-67
Let y(s) = 13*s**2 + 53*s + 22. Give y(-3).
-20
Let z(c) = 3*c**2 - 438*c - 19663. Calculate z(-36).
-7
Let s(i) = i**3 + 41*i**2 + 121*i - 151. Calculate s(-38).
-417
Let y(p) = -p**3 + 4*p - 16. Give y(0).
-16
Let m(i) = -2*i**2 - 20*i + 905. What is m(17)?
-13
Let w(b) = -2*b - 58. Calculate w(-10).
-38
Let l(g) = -g**3 - 94*g**2 - 266*g + 645. What is l(-91)?
8
Let p(k) = 13*k**3 + 2*k**2 - k - 3. Determine p(-2).
-97
Let w(f) = 60*f**2 - 1320*f + 37. Give w(22).
37
Let k(u) = 4*u**3 + 6*u**2 - u - 8. Give k(2).
46
Let v(t) = -3*t**3 - 36*t**2 + 15*t + 77. Determine v(-12).
-103
Let a(u) = 42*u**2 + 226*u + 39. Calculate a(-5).
-41
Let l(g) = 4*g**3 - 3*g**2 + 5*g + 12. Give l(3).
108
Let a(p) = 26*p - 696. Give a(23).
-98
Let d(b) = -18*b - 88. Determine d(-6).
20
Let c(q) = 12*q**3 + 107*q**2 - 12*q - 21. Determine c(-9).
6
Let q(f) = -6*f**2 + 505*f + 937. Determine q(86).
-9
Let i(d) = -d**2 - 22*d - 164. What is i(-13)?
-47
Let j(c) = 2*c**3 + 304*c**2 - 283*c + 3479. What is j(-153)?
-40
Let f(r) = 5*r**3 + 50*r**2 + 5*r + 52. Calculate f(-10).
2
Let w(g) = 4*g**3 - 2*g**2 + 72*g + 198. Give w(-3).
-144
Let l(h) = -121*h - 2672. Give l(-22).
-10
Let q(n) = n**3 - 11*n**2 - 33*n + 60. Determine q(13).
-31
Let t(i) = i**3 + 26*i**2 - 51*i + 57. What is t(-28)?
-83
Let m(f) = -12*f**2 + 16*f - 19. Give m(6).
-355
Let z(i) = -22*i**2 + 2461*i + 310. What is z(112)?
-26
Let s(k) = -k**3 + 18*k**2 + 69*k - 588. Give s(20).
-8
Let b(u) = u**3 - 20*u**2 + 10*u - 27. Give b(5).
-352
Let o(z) = z**3 - 46*z - 294. Determine o(-8).
-438
Let r(a) = -a**3 - 7*a**2 + 14*a + 82. Calculate r(-5).
-38
Let w(c) = 648*c - 4601. What is w(7)?
-65
Let x(l) = l**3 + 11*l**2 - 44*l - 513. Give x(-10).
27
Let t(b) = 18*b - 674. Calculate t(37).
-8
Let c(b) = -10*b**2 - 24*b + 39. Determine c(-5).
-91
Let w(s) = s**3 + 94*s**2 - 13*s - 1212. What is w(-94)?
10
Let g(y) = -2*y**3 - 9*y**2 + 8*y + 10. Calculate g(-6).
70
Let v(p) = -388*p + 49. Give v(-1).
437
Let v(s) = s**3 + 5*s + 4. Give v(0).
4
Let m(i) = -664*i + 50438. Determine m(76).
-26
Let g(b) = -b**3 + 27*b**2 - 139*b + 4665. Determine g(28).
-11
Let g(s) = -2*s**2 - 27*s + 789. Determine g(14).
19
Let n(m) = -165*m + 1634. What is n(10)?
-16
Let g(o) = o**3 - 65*o**2 + 67*o - 193. Determine g(64).
-1
Let x(o) = -2*o**3 - 110*o - 209. Determine x(-2).
27
Let i(m) = -237*m**2 + 947*m - 2. Determine i(4).
-6
Let p(n) = n**3 - 7*n**2 - 9*n - 6. Calculate p(8).
-14
Let o(x) = 106*x**3 + 5*x**2 - 19*x - 50. What is o(-2)?
-840
Let u(y) = -y**3 + 11*y**2 + 7*y - 5. What is u(11)?
72
Let l(q) = 2*q**3 + 23*q**2 - 71*q + 49. Calculate l(-14).
63
Let j(f) = 38*f**2 - 986*f - 49. Determine j(26).
3
Let n(h) = -14*h**2 - 236*h + 40. Give n(-17).
6
Let m(z) = 6*z - 135. Give m(-22).
-267
Let y(t) = 146*t - 21. Determine y(0).
-21
Let p(g) = -14*g**3 - 2*g**2 + 46*g + 48. Determine p(-1).
14
Let z(c) = 2*c**3 + 73*c**2 + 434*c - 24. What is z(-29)?
5
Let i(w) = 5*w**2 + 326*w + 75. Give i(-65).
10
Let g(l) = 790*l + 3953. What is g(-5)?
3
Let l(s) = 2*s - 324. What is l(170)?
16
Let u(j) = 4*j**3 - 52*j**2 - 12*j - 38. Determine u(13).
-194
Let x(p) = 163*p - 52. Determine x(1).
111
Let g(k) = -2*k**2 + 19*k + 123. Determine g(18).
-183
Let h(q) = -q**2 - 34*q - 132. Calculate h(-18).
156
Let g(s) = 2*s**3 - 16*s**2 - 67*s + 2. Determine g(-3).
5
Let w(d) = -d**3 + 35*d**2 - 45*d + 306. Determine w(34).
-68
Let a(s) = -3*s**2 + 51*s + 16. Calculate a(17).
16
Let n(q) = -q**3 + 8*q**2 + 13*q - 41. What is n(9)?
-5
Let q(j) = j**2 - 20*j + 59. What is q(7)?
-32
Let h(y) = 3*y**2 + 4*y - 30. Determine h(-3).
-15
Let m(h) = -h**3 + 41*h**2 - 145*h - 115. Determine m(37).
-4
Let l(m) = 2*m**2 - 157*m - 411. Calculate l(81).
-6
Let q(h) = 9*h**2 - 20*h + 13. Determine q(2).
9
Let w(l) = l**3 - 14*l**2 - 205*l - 52. Determine w(23).
-6
Let u(t) = -t**3 - 18*t**2 + 24*t - 2. Calculate u(-19).
-97
Let r(q) = -429*q - 5593. Determine r(-13).
-16
Let t(k) = 2*k + 144. Give t(-6).
132
Let y(c) = -c**3 + 8*c**2 - 10*c - 30. What is y(4)?
-6
Let m(w) = 3*w**2 - 61*w + 104. What is m(20)?
84
Let h(w) = 137*w - 2738. Calculate h(20).
2
Let g(l) = 2*l**2 + 31*l + 29. Give g(-15).
14
Let n(z) = 2*z**3 + 6*z**2 + 9083*z + 27249. Calculate n(-3).
0
Let o(d) = 7*d - 87. What is o(16)?
25
Let c(m) = m**3 + 12*m**2 + 23*m - 22. What is c(-10)?
-52
Let h(c) = -c**3 + 3762*c**2 + 22605*c - 10. Determine h(-6).
8
Let l(c) = 3*c**3 + 24*c**2 - 67*c - 512. What is l(-8)?
24
Let c(d) = -15*d + 320. Calculate c(21).
5
Let b(j) = 2*j**3 - 10*j**2 - 62*j + 30